933609 a prime number?
False
Is 177315973 prime?
True
Is 961746859 a prime number?
True
Is 664805 prime?
False
Is 181166 a prime number?
False
Is 130589 a composite number?
False
Is 25414339 a composite number?
False
Is 7323653 a composite number?
True
Is 123786227 composite?
False
Is 208553 composite?
False
Is 14392207 prime?
False
Is 119919643 a composite number?
False
Is 1352969 a composite number?
False
Is 167471 composite?
False
Is 108034961 prime?
True
Is 672830419 composite?
False
Is 135576149 a composite number?
False
Is 4737847 a composite number?
False
Is 38654699 prime?
False
Is 18416929 a prime number?
True
Is 6224263 composite?
False
Is 560237413 a composite number?
False
Is 29304943 composite?
False
Is 10542307 a prime number?
True
Is 5251591 a prime number?
True
Is 227306629 a composite number?
True
Is 607417 composite?
False
Is 665843 composite?
False
Is 5476139 prime?
False
Is 4469093 a prime number?
False
Is 6933669 a prime number?
False
Is 12409909 a composite number?
False
Is 2460373 prime?
True
Is 433672201 composite?
False
Is 303361339 composite?
False
Is 50514185 a composite number?
True
Is 4483741 a composite number?
False
Is 620603 composite?
False
Is 3932309 a prime number?
True
Is 29114601 composite?
True
Is 26210929 composite?
True
Is 34247693 prime?
False
Is 305839 prime?
True
Is 50268797 a composite number?
False
Is 622279 composite?
True
Is 74884053 prime?
False
Is 34357061 a prime number?
True
Is 4848287 a composite number?
True
Is 1683551 a prime number?
False
Is 45971423 prime?
False
Is 428752339 a composite number?
False
Is 222349255 a prime number?
False
Is 90364313 a prime number?
False
Is 19267627 prime?
False
Is 23627951 a composite number?
False
Is 5046851 composite?
False
Is 53193883 composite?
False
Is 7555991 composite?
False
Is 121973 a prime number?
False
Is 365363 composite?
True
Is 1532501 a prime number?
False
Is 256663 prime?
False
Is 84931211 prime?
False
Is 10726271 a composite number?
True
Is 673719719 composite?
True
Is 204640255 prime?
False
Is 3379793 composite?
False
Is 923237 a prime number?
False
Is 2507383 a prime number?
True
Is 2070931 composite?
False
Is 37596341 a composite number?
True
Is 55021619 prime?
True
Is 13642157 composite?
True
Is 272018933 a composite number?
False
Is 49270967 a composite number?
False
Is 81205769 a prime number?
True
Is 189929 a prime number?
True
Is 3156893 composite?
True
Is 94141943 a prime number?
False
Is 59579 composite?
True
Is 61491959 prime?
True
Is 806527 a composite number?
True
Is 96697043 a prime number?
False
Is 4580155 prime?
False
Is 180917939 composite?
True
Is 26356147 a composite number?
True
Is 1542347 composite?
False
Is 277495799 a composite number?
True
Is 398081 composite?
True
Is 91538323 composite?
True
Is 173352413 prime?
False
Is 2560273 prime?
True
Is 82423391 a prime number?
True
Is 6567803 composite?
True
Is 8342051 composite?
False
Is 3032357 prime?
True
Is 6568589 prime?
True
Is 9455623 prime?
True
Is 2225357 a prime number?
False
Is 48501031 a prime number?
True
Is 115807981 composite?
False
Is 23478061 a prime number?
True
Is 1171717 prime?
False
Is 273773051 a composite number?
False
Is 801127 a composite number?
False
Is 118229537 a composite number?
False
Is 75820231 a composite number?
False
Is 249199298 composite?
True
Is 943111 a composite number?
True
Is 783206101 composite?
True
Is 16000693 a composite number?
False
Is 1352198 a composite number?
True
Is 11608231 a composite number?
True
Is 4351763 prime?
False
Is 511859 prime?
True
Is 153635309 a composite number?
False
Is 5393521 a prime number?
False
Is 60142393 a composite number?
False
Is 89001293 a composite number?
False
Is 14528621 a composite number?
False
Is 21452503 prime?
True
Is 37234009 composite?
False
Is 1375411 prime?
True
Is 2244131 a prime number?
True
Is 504937171 a prime number?
False
Is 49344179 a composite number?
True
Is 7756739 prime?
False
Is 972577 composite?
False
Is 30911821 a composite number?
False
Is 40143359 a composite number?
True
Is 25450577 a prime number?
False
Is 25799845 a composite number?
True
Is 10633593 composite?
True
Is 1098626 a composite number?
True
Is 286854217 a composite number?
True
Is 149675107 a composite number?
False
Is 419772649 a composite number?
False
Is 520317473 a composite number?
True
Is 159728799 prime?
False
Is 437629 a composite number?
False
Is 6644131 composite?
True
Is 180033401 prime?
True
Is 26737859 a composite number?
True
Is 563999 a composite number?
False
Is 12047947 a composite number?
True
Is 613363 prime?
True
Is 160760267 a prime number?
False
Is 31809343 composite?
False
Is 426287 composite?
False
Is 77665723 a composite number?
True
Is 120915799 a prime number?
True
Is 6722809 composite?
True
Is 127213871 a prime number?
True
Is 2587813 composite?
True
Is 3430873 a prime number?
True
Is 28491931 a composite number?
True
Is 560281 a prime number?
True
Is 33065653 a composite number?
False
Is 10161209 prime?
True
Is 44996083 a prime number?
False
Is 74612911 composite?
True
Is 1198397 prime?
True
Is 1072187 a composite number?
False
Is 125560321 prime?
True
Is 6844493 prime?
False
Is 67792139 a composite number?
False
Is 309305 a composite number?
True
Is 1541921 a prime number?
True
Is 21718327 prime?
True
Is 20345141 prime?
False
Is 184661927 a composite number?
False
Is 73819 a prime number?
True
Is 870841 composite?
True
Is 206670509 prime?
True
Is 1339218239 a composite number?
False
Is 373320593 a prime number?
True
Is 16122059 a composite number?
True
Is 5563819 a prime number?
True
Is 88327654 composite?
True
Is 2898661 a prime number?
True
Is 4209629 composite?
False
Is 24109517 prime?
False
Is 166799 a composite number?
False
Is 116881969 composite?
True
Is 137310067 composite?
True
Is 5437879 a prime number?
False
Is 4384271 composite?
False
Is 11325473 composite?
False
Is 456199 a prime number?
False
Is 36141433 a composite number?
False
Is 27891454 composite?
True
Is 351322399 composite?
True
Is 181800269 a composite number?
True
Is 8846861 prime?
True
Is 5083681 a composite number?
False
Is 10577783 prime?
True
Is 31001989 a prime number?
True
Is 54978213 composite?
True
Is 13000441 prime?
False
Is 1004579 a prime number?
False
Is 1413701 composite?
True
Is 36888763 a prime number?
True
Is 412783726 a composite number?
True
Is 1142215 a prime number?
False
Is 6024169 a composite number?
False
Is 582541 composite?
False
Is 47462413 a prime number?
True
Is 20693591 prime?
True
Is 746981 composite?
False
Is 4369337 composite?
True
Is 16439861 a prime number?
True
Is 102122509 prime?
False
Is 1731681089 a prime number?
False
Is 106472537 prime?
True
Is 127462781 composite?
True
Is 44788969 prime?
True
Is 47693339 a prime number?
True
Is 938323 composite?
False
Is 66465673 prime?
True
Is 3858847 prime?
False
Is 169985945 a composite number?
True
Is 358598651 composite?
False
Is 8189635 a composite number?
True
Is 102957271 a composite number?
False
Is 86522729 composite?
False
Is 13967549 a prime number?
False
Is 9852649 prime?
True
Is 20037179 a composite number?
False
Is 15600631 composite?
False
Is 22837739 a composite number?
True
Is 77360683 composite?
False
Is 2519813 a prime number?
True
Is 118118137 a prime number?
False
Is 20955847 composite?
True
Is 971473 a composite number?
False
Is 6126139 composite?
False
Is 3602581 prime?
True
Is 24499567 a prime number?
False
Is 655807 prime?
True
Is 53421547 a composite number?
False
Is 570851 a composite number?
False
Is 8651 prime?
False
Is 27232109 a prime number?
True
Is 33176653 a composite number?
True
Is 243024109 prime?
False
Is 112099271 composite?
False
Is 94875395 a composite number?
True
Is 3419447 composite?
True
Is 9705083 prime?
True
Is 21089359 a prime number?
True
Is 88669367 prime?
True
Is 22933793 a prime number?
True
Is 21284485 composite?
True
Is 19195379 composite?
True
Is 10071233 composite?
False
Is 186690783 a composite number?
True
Is 214490093 a prime number?
False
Is 184929079 prime?
True
Is 191459221 composite?
False
Is 7047543 a prime number?
False
Is 9132371 composite?
True
Is 671786 composite?
True
Is 2642635 prime?
False
Is 36337739 a composite number?
True
Is 21520913 prime?
False
Is